{"id":2614,"date":"2020-01-10T11:00:06","date_gmt":"2020-01-10T10:00:06","guid":{"rendered":"https:\/\/www.fachwelt-verlag.de\/?page_id=2614"},"modified":"2020-01-17T09:50:37","modified_gmt":"2020-01-17T08:50:37","slug":"stellenanzeige-initiativbewerbung","status":"publish","type":"page","link":"https:\/\/www.fachwelt-verlag.de\/en\/karriere\/stellenanzeige-initiativbewerbung\/","title":{"rendered":"Stellenanzeige Initiativbewerbung"},"content":{"rendered":"<section class=\"l-section wpb_row height_medium\" id=\"jobs-site\" style=\"margin-top: 0px !important;border-top-width: 0px !important;\"><div class=\"l-section-h i-cf\" style=\"padding-top: 0px !important;\"><div class=\"g-cols vc_row type_default valign_top\"><div class=\"vc_col-sm-12 wpb_column vc_column_container has-fill\"><div class=\"vc_column-inner  vc_custom_1545297562440\"><div class=\"wpb_wrapper\"><div class=\"w-image align_center\"><div class=\"w-image-h\"><img width=\"1140\" height=\"550\" src=\"https:\/\/www.fachwelt-verlag.de\/wp-content\/uploads\/Stellenanzeige_Key_Account.jpg\" class=\"attachment-full size-full\" alt=\"key Account Stellen Beruf Job Stellenanzeige Fachwelt Verlag Stuttgart Verlagshaus Fachmagazine Fachzeitschriften Zeitschriften Magazine\" loading=\"lazy\" srcset=\"https:\/\/www.fachwelt-verlag.de\/wp-content\/uploads\/Stellenanzeige_Key_Account.jpg 1140w, https:\/\/www.fachwelt-verlag.de\/wp-content\/uploads\/Stellenanzeige_Key_Account-768x371.jpg 768w, https:\/\/www.fachwelt-verlag.de\/wp-content\/uploads\/Stellenanzeige_Key_Account-1024x494.jpg 1024w, https:\/\/www.fachwelt-verlag.de\/wp-content\/uploads\/Stellenanzeige_Key_Account-300x145.jpg 300w, https:\/\/www.fachwelt-verlag.de\/wp-content\/uploads\/Stellenanzeige_Key_Account-600x289.jpg 600w\" sizes=\"(max-width: 1140px) 100vw, 1140px\" \/><\/div><\/div>[vc_custom_heading text=&#8221;Initiativbewerbung (m\/w\/d)&#8221; font_container=&#8221;tag:h1|text_align:left&#8221; use_theme_fonts=&#8221;yes&#8221;]<div class=\"w-separator size_medium\"><\/div>\r\n\t<div class=\"wpb_text_column \">\r\n\t\t<div class=\"wpb_wrapper\">\r\n\t\t\t<h2 class=\"subpage-subtitle\">Bewerben Sie sich gerne jederzeit<\/h2>\n<p>Nichts Passendes f\u00fcr Sie dabei? Bewerben Sie sich bei uns initiativ.<br \/>\nWir freuen uns auf Sie und Ihre aussagekr\u00e4ftige Bewerbung!<\/p>\n\r\n\t\t<\/div>\r\n\t<\/div>\r\n<div class=\"w-separator size_medium with_line width_default thick_3 style_solid color_custom align_left with_content\" style=\"border-color:#424242;color:#424242;\"><div class=\"w-separator-h\"><i class=\"fas fa-angle-down\"><\/i><\/div><\/div>\r\n\t<div class=\"wpb_text_column \">\r\n\t\t<div class=\"wpb_wrapper\">\r\n\t\t\t<h2 class=\"subpage-subtitle\">Key-Facts zu unseren Stellen<\/h2>\n<ul>\n<li>Besch\u00e4ftigung in Vollzeit<\/li>\n<li>Unbefristetes Arbeitsverh\u00e4ltnis<\/li>\n<li>Abwechslungsreiches Bet\u00e4tigungsfeld<\/li>\n<li>Ausgezeichnete Perspektiven<\/li>\n<li>Spielraum f\u00fcr Eigeninitiative und neue Ideen<\/li>\n<li>Offene Kommunikationskultur<\/li>\n<li>Flache Hierarchien<\/li>\n<\/ul>\n<h2 class=\"subpage-subtitle\"><strong>\u00a0<\/strong><\/h2>\n\r\n\t\t<\/div>\r\n\t<\/div>\r\n<\/div><\/div><\/div><\/div><\/div><\/section>\n","protected":false},"excerpt":{"rendered":"[vc_custom_heading text=\"Initiativbewerbung (m\/w\/d)\" font_container=\"tag:h1|text_align:left\" use_theme_fonts=\"yes\"] Bewerben Sie sich gerne jederzeit Nichts Passendes f\u00fcr Sie dabei? Bewerben Sie sich bei uns initiativ. Wir freuen uns auf Sie und Ihre aussagekr\u00e4ftige Bewerbung! Key-Facts zu unseren Stellen Besch\u00e4ftigung in Vollzeit Unbefristetes Arbeitsverh\u00e4ltnis Abwechslungsreiches Bet\u00e4tigungsfeld Ausgezeichnete Perspektiven Spielraum f\u00fcr Eigeninitiative und neue Ideen Offene Kommunikationskultur Flache Hierarchien \u00a0","protected":false},"author":9,"featured_media":2727,"parent":1049,"menu_order":0,"comment_status":"closed","ping_status":"closed","template":"","meta":{"inline_featured_image":false},"yoast_head":"<!-- This site is optimized with the Yoast SEO plugin v17.8 - https:\/\/yoast.com\/wordpress\/plugins\/seo\/ -->\n<title>Stellenanzeige Initiativbewerbung &bull; FACHWELT VERLAG<\/title>\n<meta name=\"robots\" content=\"index, follow, max-snippet:-1, max-image-preview:large, max-video-preview:-1\" \/>\n<link rel=\"canonical\" href=\"https:\/\/www.fachwelt-verlag.de\/en\/karriere\/stellenanzeige-initiativbewerbung\/\" \/>\n<meta property=\"og:locale\" content=\"en_US\" \/>\n<meta property=\"og:type\" content=\"article\" \/>\n<meta property=\"og:title\" content=\"Stellenanzeige Initiativbewerbung &bull; FACHWELT VERLAG\" \/>\n<meta property=\"og:url\" content=\"https:\/\/www.fachwelt-verlag.de\/karriere\/stellenanzeige-initiativbewerbung\/\" \/>\n<meta property=\"og:site_name\" content=\"FACHWELT VERLAG\" \/>\n<meta property=\"article:modified_time\" content=\"2020-01-17T08:50:37+00:00\" \/>\n<meta property=\"og:image\" content=\"https:\/\/www.fachwelt-verlag.de\/wp-content\/uploads\/Stellenanzeige_Key_Account.jpg\" \/>\n\t<meta property=\"og:image:width\" content=\"1140\" \/>\n\t<meta property=\"og:image:height\" content=\"550\" \/>\n<meta name=\"twitter:card\" content=\"summary\" \/>\n<meta name=\"twitter:label1\" content=\"Est. reading time\" \/>\n\t<meta name=\"twitter:data1\" content=\"1 minute\" \/>\n<script type=\"application\/ld+json\" class=\"yoast-schema-graph\">{\"@context\":\"https:\/\/schema.org\",\"@graph\":[{\"@type\":\"WebSite\",\"@id\":\"https:\/\/www.fachwelt-verlag.de\/#website\",\"url\":\"https:\/\/www.fachwelt-verlag.de\/\",\"name\":\"FACHWELT VERLAG\",\"description\":\"\",\"potentialAction\":[{\"@type\":\"SearchAction\",\"target\":{\"@type\":\"EntryPoint\",\"urlTemplate\":\"https:\/\/www.fachwelt-verlag.de\/?s={search_term_string}\"},\"query-input\":\"required name=search_term_string\"}],\"inLanguage\":\"en-US\"},{\"@type\":\"ImageObject\",\"@id\":\"https:\/\/www.fachwelt-verlag.de\/karriere\/stellenanzeige-initiativbewerbung\/#primaryimage\",\"inLanguage\":\"en-US\",\"url\":\"https:\/\/www.fachwelt-verlag.de\/wp-content\/uploads\/Stellenanzeige_Key_Account.jpg\",\"contentUrl\":\"https:\/\/www.fachwelt-verlag.de\/wp-content\/uploads\/Stellenanzeige_Key_Account.jpg\",\"width\":1140,\"height\":550,\"caption\":\"key Account Stellen Beruf Job Stellenanzeige Fachwelt Verlag Stuttgart Verlagshaus Fachmagazine Fachzeitschriften Zeitschriften Magazine\"},{\"@type\":\"WebPage\",\"@id\":\"https:\/\/www.fachwelt-verlag.de\/karriere\/stellenanzeige-initiativbewerbung\/#webpage\",\"url\":\"https:\/\/www.fachwelt-verlag.de\/karriere\/stellenanzeige-initiativbewerbung\/\",\"name\":\"Stellenanzeige Initiativbewerbung &bull; FACHWELT VERLAG\",\"isPartOf\":{\"@id\":\"https:\/\/www.fachwelt-verlag.de\/#website\"},\"primaryImageOfPage\":{\"@id\":\"https:\/\/www.fachwelt-verlag.de\/karriere\/stellenanzeige-initiativbewerbung\/#primaryimage\"},\"datePublished\":\"2020-01-10T10:00:06+00:00\",\"dateModified\":\"2020-01-17T08:50:37+00:00\",\"breadcrumb\":{\"@id\":\"https:\/\/www.fachwelt-verlag.de\/karriere\/stellenanzeige-initiativbewerbung\/#breadcrumb\"},\"inLanguage\":\"en-US\",\"potentialAction\":[{\"@type\":\"ReadAction\",\"target\":[\"https:\/\/www.fachwelt-verlag.de\/karriere\/stellenanzeige-initiativbewerbung\/\"]}]},{\"@type\":\"BreadcrumbList\",\"@id\":\"https:\/\/www.fachwelt-verlag.de\/karriere\/stellenanzeige-initiativbewerbung\/#breadcrumb\",\"itemListElement\":[{\"@type\":\"ListItem\",\"position\":1,\"name\":\"Startseite\",\"item\":\"https:\/\/www.fachwelt-verlag.de\/en\/\"},{\"@type\":\"ListItem\",\"position\":2,\"name\":\"Karriere\",\"item\":\"https:\/\/www.fachwelt-verlag.de\/karriere\/\"},{\"@type\":\"ListItem\",\"position\":3,\"name\":\"Stellenanzeige Initiativbewerbung\"}]}]}<\/script>\n<!-- \/ Yoast SEO plugin. -->","yoast_head_json":{"title":"Stellenanzeige Initiativbewerbung &bull; FACHWELT VERLAG","robots":{"index":"index","follow":"follow","max-snippet":"max-snippet:-1","max-image-preview":"max-image-preview:large","max-video-preview":"max-video-preview:-1"},"canonical":"https:\/\/www.fachwelt-verlag.de\/en\/karriere\/stellenanzeige-initiativbewerbung\/","og_locale":"en_US","og_type":"article","og_title":"Stellenanzeige Initiativbewerbung &bull; FACHWELT VERLAG","og_url":"https:\/\/www.fachwelt-verlag.de\/karriere\/stellenanzeige-initiativbewerbung\/","og_site_name":"FACHWELT VERLAG","article_modified_time":"2020-01-17T08:50:37+00:00","og_image":[{"width":1140,"height":550,"url":"https:\/\/www.fachwelt-verlag.de\/wp-content\/uploads\/Stellenanzeige_Key_Account.jpg","type":"image\/jpeg"}],"twitter_card":"summary","twitter_misc":{"Est. reading time":"1 minute"},"schema":{"@context":"https:\/\/schema.org","@graph":[{"@type":"WebSite","@id":"https:\/\/www.fachwelt-verlag.de\/#website","url":"https:\/\/www.fachwelt-verlag.de\/","name":"FACHWELT VERLAG","description":"","potentialAction":[{"@type":"SearchAction","target":{"@type":"EntryPoint","urlTemplate":"https:\/\/www.fachwelt-verlag.de\/?s={search_term_string}"},"query-input":"required name=search_term_string"}],"inLanguage":"en-US"},{"@type":"ImageObject","@id":"https:\/\/www.fachwelt-verlag.de\/karriere\/stellenanzeige-initiativbewerbung\/#primaryimage","inLanguage":"en-US","url":"https:\/\/www.fachwelt-verlag.de\/wp-content\/uploads\/Stellenanzeige_Key_Account.jpg","contentUrl":"https:\/\/www.fachwelt-verlag.de\/wp-content\/uploads\/Stellenanzeige_Key_Account.jpg","width":1140,"height":550,"caption":"key Account Stellen Beruf Job Stellenanzeige Fachwelt Verlag Stuttgart Verlagshaus Fachmagazine Fachzeitschriften Zeitschriften Magazine"},{"@type":"WebPage","@id":"https:\/\/www.fachwelt-verlag.de\/karriere\/stellenanzeige-initiativbewerbung\/#webpage","url":"https:\/\/www.fachwelt-verlag.de\/karriere\/stellenanzeige-initiativbewerbung\/","name":"Stellenanzeige Initiativbewerbung &bull; FACHWELT VERLAG","isPartOf":{"@id":"https:\/\/www.fachwelt-verlag.de\/#website"},"primaryImageOfPage":{"@id":"https:\/\/www.fachwelt-verlag.de\/karriere\/stellenanzeige-initiativbewerbung\/#primaryimage"},"datePublished":"2020-01-10T10:00:06+00:00","dateModified":"2020-01-17T08:50:37+00:00","breadcrumb":{"@id":"https:\/\/www.fachwelt-verlag.de\/karriere\/stellenanzeige-initiativbewerbung\/#breadcrumb"},"inLanguage":"en-US","potentialAction":[{"@type":"ReadAction","target":["https:\/\/www.fachwelt-verlag.de\/karriere\/stellenanzeige-initiativbewerbung\/"]}]},{"@type":"BreadcrumbList","@id":"https:\/\/www.fachwelt-verlag.de\/karriere\/stellenanzeige-initiativbewerbung\/#breadcrumb","itemListElement":[{"@type":"ListItem","position":1,"name":"Startseite","item":"https:\/\/www.fachwelt-verlag.de\/en\/"},{"@type":"ListItem","position":2,"name":"Karriere","item":"https:\/\/www.fachwelt-verlag.de\/karriere\/"},{"@type":"ListItem","position":3,"name":"Stellenanzeige Initiativbewerbung"}]}]}},"_links":{"self":[{"href":"https:\/\/www.fachwelt-verlag.de\/en\/wp-json\/wp\/v2\/pages\/2614"}],"collection":[{"href":"https:\/\/www.fachwelt-verlag.de\/en\/wp-json\/wp\/v2\/pages"}],"about":[{"href":"https:\/\/www.fachwelt-verlag.de\/en\/wp-json\/wp\/v2\/types\/page"}],"author":[{"embeddable":true,"href":"https:\/\/www.fachwelt-verlag.de\/en\/wp-json\/wp\/v2\/users\/9"}],"replies":[{"embeddable":true,"href":"https:\/\/www.fachwelt-verlag.de\/en\/wp-json\/wp\/v2\/comments?post=2614"}],"version-history":[{"count":5,"href":"https:\/\/www.fachwelt-verlag.de\/en\/wp-json\/wp\/v2\/pages\/2614\/revisions"}],"predecessor-version":[{"id":4396,"href":"https:\/\/www.fachwelt-verlag.de\/en\/wp-json\/wp\/v2\/pages\/2614\/revisions\/4396"}],"up":[{"embeddable":true,"href":"https:\/\/www.fachwelt-verlag.de\/en\/wp-json\/wp\/v2\/pages\/1049"}],"wp:featuredmedia":[{"embeddable":true,"href":"https:\/\/www.fachwelt-verlag.de\/en\/wp-json\/wp\/v2\/media\/2727"}],"wp:attachment":[{"href":"https:\/\/www.fachwelt-verlag.de\/en\/wp-json\/wp\/v2\/media?parent=2614"}],"curies":[{"name":"wp","href":"https:\/\/api.w.org\/{rel}","templated":true}]}}

<section class="l-section wpb_row height_medium" id="jobs-site" style="margin-top: 0px !important;border-top-width: 0px !important;"><div class="l-section-h i-cf" style="padding-top: 0px !important;"><div class="g-cols vc_row type_default valign_top"><div class="vc_col-sm-12 wpb_column vc_column_container has-fill"><div class="vc_column-inner  vc_custom_1545297562440"><div class="wpb_wrapper"><div class="w-image align_center"><div class="w-image-h"><img width="1140" height="550" src="https://www.fachwelt-verlag.de/wp-content/uploads/Stellenanzeige_Key_Account.jpg" class="attachment-full size-full" alt="key Account Stellen Beruf Job Stellenanzeige Fachwelt Verlag Stuttgart Verlagshaus Fachmagazine Fachzeitschriften Zeitschriften Magazine" loading="lazy" srcset="https://www.fachwelt-verlag.de/wp-content/uploads/Stellenanzeige_Key_Account.jpg 1140w, https://www.fachwelt-verlag.de/wp-content/uploads/Stellenanzeige_Key_Account-768x371.jpg 768w, https://www.fachwelt-verlag.de/wp-content/uploads/Stellenanzeige_Key_Account-1024x494.jpg 1024w, https://www.fachwelt-verlag.de/wp-content/uploads/Stellenanzeige_Key_Account-300x145.jpg 300w, https://www.fachwelt-verlag.de/wp-content/uploads/Stellenanzeige_Key_Account-600x289.jpg 600w" sizes="(max-width: 1140px) 100vw, 1140px" /></div></div>[vc_custom_heading text=&#8221;Initiativbewerbung (m/w/d)&#8221; font_container=&#8221;tag:h1|text_align:left&#8221; use_theme_fonts=&#8221;yes&#8221;]<div class="w-separator size_medium"></div>
	<div class="wpb_text_column ">
		<div class="wpb_wrapper">
			<h2 class="subpage-subtitle">Bewerben Sie sich gerne jederzeit</h2>
<p>Nichts Passendes für Sie dabei? Bewerben Sie sich bei uns initiativ.<br />
Wir freuen uns auf Sie und Ihre aussagekräftige Bewerbung!</p>

		</div>
	</div>
<div class="w-separator size_medium with_line width_default thick_3 style_solid color_custom align_left with_content" style="border-color:#424242;color:#424242;"><div class="w-separator-h"><i class="fas fa-angle-down"></i></div></div>
	<div class="wpb_text_column ">
		<div class="wpb_wrapper">
			<h2 class="subpage-subtitle">Key-Facts zu unseren Stellen</h2>
<ul>
<li>Beschäftigung in Vollzeit</li>
<li>Unbefristetes Arbeitsverhältnis</li>
<li>Abwechslungsreiches Betätigungsfeld</li>
<li>Ausgezeichnete Perspektiven</li>
<li>Spielraum für Eigeninitiative und neue Ideen</li>
<li>Offene Kommunikationskultur</li>
<li>Flache Hierarchien</li>
</ul>
<h2 class="subpage-subtitle"><strong> </strong></h2>

		</div>
	</div>
</div></div></div></div></div></section>

[vc_custom_heading text="Initiativbewerbung (m/w/d)" font_container="tag:h1|text_align:left" use_theme_fonts="yes"] Bewerben Sie sich gerne jederzeit Nichts Passendes für Sie dabei? Bewerben Sie sich bei uns initiativ. Wir freuen uns auf Sie und Ihre aussagekräftige Bewerbung! Key-Facts zu unseren Stellen Beschäftigung in Vollzeit Unbefristetes Arbeitsverhältnis Abwechslungsreiches Betätigungsfeld Ausgezeichnete Perspektiven Spielraum für Eigeninitiative und neue Ideen Offene Kommunikationskultur Flache Hierarchien
