{"id":3216,"date":"2019-01-16T10:49:04","date_gmt":"2019-01-16T09:49:04","guid":{"rendered":"https:\/\/www.fachwelt-verlag.de\/?page_id=3216"},"modified":"2021-08-05T22:07:53","modified_gmt":"2021-08-05T20:07:53","slug":"imprint","status":"publish","type":"page","link":"https:\/\/www.fachwelt-verlag.de\/en\/imprint\/","title":{"rendered":"Imprint"},"content":{"rendered":"<section class=\"l-section wpb_row height_medium\"><div class=\"l-section-h i-cf\"><div class=\"g-cols vc_row type_default valign_top\"><div class=\"vc_col-sm-6 wpb_column vc_column_container\"><div class=\"vc_column-inner\"><div class=\"wpb_wrapper\">\r\n\t<div class=\"wpb_text_column \">\r\n\t\t<div class=\"wpb_wrapper\">\r\n\t\t\t<section class=\"l-section wpb_row height_huge with_overlay\"><\/section>\n<div class=\"l-main\">\n<div class=\"l-main-h i-cf\">\n<section class=\"l-section\">\n<div class=\"l-section-h i-cf\">\n<div class=\"singlepage-impressum\">\n<div class=\"mvp-post-soc-in\">\n<div id=\"mvp-content-body\" class=\"left-relative\">\n<div id=\"mvp-content-main\" class=\"left relative\">\n<p>Entries referred to \u00a7 5 TMG<br \/>\n<strong>FACHWELT VERLAG<\/strong><\/p>\n<p><strong style=\"font-family: -apple-system, BlinkMacSystemFont, 'Segoe UI', Roboto, Oxygen-Sans, Ubuntu, Cantarell, 'Helvetica Neue', sans-serif;\">Main Office<br \/>\n<\/strong><span style=\"font-family: -apple-system, BlinkMacSystemFont, 'Segoe UI', Roboto, Oxygen-Sans, Ubuntu, Cantarell, 'Helvetica Neue', sans-serif;\">Djerane BB<br \/>\n<\/span><span style=\"font-family: -apple-system, BlinkMacSystemFont, 'Segoe UI', Roboto, Oxygen-Sans, Ubuntu, Cantarell, 'Helvetica Neue', sans-serif;\">85360 Ulcinj<br \/>\n<\/span><span style=\"font-family: -apple-system, BlinkMacSystemFont, 'Segoe UI', Roboto, Oxygen-Sans, Ubuntu, Cantarell, 'Helvetica Neue', sans-serif;\">Montenegro<\/span><\/p>\n<div>\n<div>\n<div class=\"vk_sh vk_bk\">\n<div><\/div>\n<div class=\"desktop-title-content\"><strong>Branch<\/strong><br \/>\nBachstra\u00dfe 32<\/div>\n<p><span class=\"desktop-title-subcontent\">70563 Stuttgart<br \/>\n<\/span><span style=\"font-family: -apple-system, BlinkMacSystemFont, 'Segoe UI', Roboto, Oxygen-Sans, Ubuntu, Cantarell, 'Helvetica Neue', sans-serif;\">Deutschland<\/span><\/p>\n<\/div>\n<\/div>\n<\/div>\n<p>&nbsp;<\/p>\n<p>Represented by:<br \/>\nAlija Palevic<\/p>\n<\/div>\n<\/div>\n<\/div>\n<p>Contact:<br \/>\nT +49 711 93 59 27-40<br \/>\n<a href=\"mailto:info@fachwelt-verlag.de\">info@fachwelt-verlag.de<\/a><\/p>\n<p>Business owner:<br \/>\nAlija Palevic<\/p>\n<p>VAT No:<br \/>\n03365522<\/p>\n<div class=\"woocommerce woocommerce-gzd woocommerce-gzd-complaints-shortcode\">\n    <h3>Alternative Dispute Resolution in accordance with Art. 14 (1) ODR-VO and \u00a7 36 VSBG:<\/h3>\n\n<p>Die Europ\u00e4ische Kommission stellt eine Plattform zur Online-Streitbeilegung (OS) bereit, die du unter <a href=\"https:\/\/ec.europa.eu\/consumers\/odr\" target=\"_blank\">https:\/\/ec.europa.eu\/consumers\/odr<\/a> findest. Zur Teilnahme an einem Streitbeilegungsverfahren vor einer Verbraucherschlichtungsstelle sind wir nicht verpflichtet und nicht bereit.<\/p>\n<\/div><\/div>\n<\/div>\n<\/section>\n<\/div>\n<\/div>\n\r\n\t\t<\/div>\r\n\t<\/div>\r\n<\/div><\/div><\/div><div class=\"vc_col-sm-6 wpb_column vc_column_container\"><div class=\"vc_column-inner\"><div class=\"wpb_wrapper\">\r\n\t<div class=\"wpb_text_column \">\r\n\t\t<div class=\"wpb_wrapper\">\r\n\t\t\t<section class=\"l-section wpb_row height_huge with_overlay\"><\/section>\n<div class=\"l-main\">\n<div class=\"l-main-h i-cf\">\n<section class=\"l-section\">\n<div class=\"l-section-h i-cf\">\n<div class=\"singlepage-impressum\">\n<h2>Haftung f\u00fcr Inhalte<\/h2>\n<p>Die Inhalte unserer Seiten wurden mit gr\u00f6\u00dfter Sorgfalt erstellt. F\u00fcr die Richtigkeit, Vollst\u00e4ndigkeit und Aktualit\u00e4t der Inhalte k\u00f6nnen wir jedoch keine Gew\u00e4hr \u00fcbernehmen. Als Diensteanbieter sind wir gem\u00e4\u00df \u00a7 7 Abs.1 TMG f\u00fcr eigene Inhalte auf diesen Seiten nach den allgemeinen Gesetzen verantwortlich. Nach \u00a7\u00a7 8 bis 10 TMG sind wir als Diensteanbieter jedoch nicht verpflichtet, \u00fcbermittelte oder gespeicherte fremde Informationen zu \u00fcberwachen oder nach Umst\u00e4nden zu forschen, die auf eine rechtswidrige T\u00e4tigkeit hinweisen. Verpflichtungen zur Entfernung oder Sperrung der Nutzung von Informationen nach den allgemeinen Gesetzen bleiben hiervon unber\u00fchrt. Eine diesbez\u00fcgliche Haftung ist jedoch erst ab dem Zeitpunkt der Kenntnis einer konkreten Rechtsverletzung m\u00f6glich. Bei Bekanntwerden von entsprechenden Rechtsverletzungen werden wir diese Inhalte umgehend entfernen.<\/p>\n<h2>Fotoquellen<\/h2>\n<p>Alle Bilder (mit wenigen Ausnahmen) auf den Start- und Unterseiten sind Originalbilder von istock. Gerne stellen wir Ihnen eine genau Auflistung auf Nachfrage zur Verf\u00fcgung.<\/p>\n<\/div>\n<\/div>\n<\/section>\n<\/div>\n<\/div>\n\r\n\t\t<\/div>\r\n\t<\/div>\r\n<\/div><\/div><\/div><\/div><\/div><\/section><!-- Row Backgrounds --><div class=\"upb_color\" data-bg-override=\"0\" data-bg-color=\"#f5f5f5\" data-fadeout=\"\" data-fadeout-percentage=\"30\" data-parallax-content=\"\" data-parallax-content-sense=\"30\" data-row-effect-mobile-disable=\"true\" data-img-parallax-mobile-disable=\"true\" data-rtl=\"false\"  data-custom-vc-row=\"\"  data-vc=\"5.7\"  data-is_old_vc=\"\"  data-theme-support=\"\"   data-overlay=\"false\" data-overlay-color=\"\" data-overlay-pattern=\"\" data-overlay-pattern-opacity=\"\" data-overlay-pattern-size=\"\"    ><\/div>\n","protected":false},"excerpt":{"rendered":"Entries referred to \u00a7 5 TMG FACHWELT VERLAG Main Office Djerane BB 85360 Ulcinj Montenegro Branch Bachstra\u00dfe 32 70563 Stuttgart Deutschland &nbsp; Represented by: Alija Palevic Contact: T +49 711 93 59 27-40 info@fachwelt-verlag.de Business owner: Alija Palevic VAT No: 03365522 Alternative Dispute Resolution in accordance with Art. 14 (1) ODR-VO and \u00a7 36 VSBG:...","protected":false},"author":9,"featured_media":2972,"parent":0,"menu_order":0,"comment_status":"closed","ping_status":"closed","template":"","meta":{"inline_featured_image":false},"yoast_head":"<!-- This site is optimized with the Yoast SEO plugin v17.8 - https:\/\/yoast.com\/wordpress\/plugins\/seo\/ -->\n<title>Imprint &bull; FACHWELT VERLAG<\/title>\n<meta name=\"description\" content=\"Das Impressum des FACHWELT VERLAG in der Bachstra\u00dfe 32 in 70563 Stuttgart.\" \/>\n<meta name=\"robots\" content=\"index, follow, max-snippet:-1, max-image-preview:large, max-video-preview:-1\" \/>\n<link rel=\"canonical\" href=\"https:\/\/www.fachwelt-verlag.de\/en\/imprint\/\" \/>\n<meta property=\"og:locale\" content=\"en_US\" \/>\n<meta property=\"og:type\" content=\"article\" \/>\n<meta property=\"og:title\" content=\"Imprint &bull; FACHWELT VERLAG\" \/>\n<meta property=\"og:description\" content=\"Das Impressum des FACHWELT VERLAG in der Bachstra\u00dfe 32 in 70563 Stuttgart.\" \/>\n<meta property=\"og:url\" content=\"https:\/\/www.fachwelt-verlag.de\/en\/imprint\/\" \/>\n<meta property=\"og:site_name\" content=\"FACHWELT VERLAG\" \/>\n<meta property=\"article:modified_time\" content=\"2021-08-05T20:07:53+00:00\" \/>\n<meta property=\"og:image\" content=\"https:\/\/www.fachwelt-verlag.de\/wp-content\/uploads\/Fachwelt_Verlag_Homepage.jpg\" \/>\n\t<meta property=\"og:image:width\" content=\"1800\" \/>\n\t<meta property=\"og:image:height\" content=\"869\" \/>\n<meta name=\"twitter:card\" content=\"summary\" \/>\n<meta name=\"twitter:label1\" content=\"Est. reading time\" \/>\n\t<meta name=\"twitter:data1\" content=\"1 minute\" \/>\n<script type=\"application\/ld+json\" class=\"yoast-schema-graph\">{\"@context\":\"https:\/\/schema.org\",\"@graph\":[{\"@type\":\"WebSite\",\"@id\":\"https:\/\/www.fachwelt-verlag.de\/#website\",\"url\":\"https:\/\/www.fachwelt-verlag.de\/\",\"name\":\"FACHWELT VERLAG\",\"description\":\"\",\"potentialAction\":[{\"@type\":\"SearchAction\",\"target\":{\"@type\":\"EntryPoint\",\"urlTemplate\":\"https:\/\/www.fachwelt-verlag.de\/?s={search_term_string}\"},\"query-input\":\"required name=search_term_string\"}],\"inLanguage\":\"en-US\"},{\"@type\":\"ImageObject\",\"@id\":\"https:\/\/www.fachwelt-verlag.de\/en\/imprint\/#primaryimage\",\"inLanguage\":\"en-US\",\"url\":\"https:\/\/www.fachwelt-verlag.de\/wp-content\/uploads\/Fachwelt_Verlag_Homepage.jpg\",\"contentUrl\":\"https:\/\/www.fachwelt-verlag.de\/wp-content\/uploads\/Fachwelt_Verlag_Homepage.jpg\",\"width\":1800,\"height\":869,\"caption\":\"Fachwelt Verlag Bild Natur Hintergrund Stuttgart Wald Stra\\u00dfe\"},{\"@type\":\"WebPage\",\"@id\":\"https:\/\/www.fachwelt-verlag.de\/en\/imprint\/#webpage\",\"url\":\"https:\/\/www.fachwelt-verlag.de\/en\/imprint\/\",\"name\":\"Imprint &bull; FACHWELT VERLAG\",\"isPartOf\":{\"@id\":\"https:\/\/www.fachwelt-verlag.de\/#website\"},\"primaryImageOfPage\":{\"@id\":\"https:\/\/www.fachwelt-verlag.de\/en\/imprint\/#primaryimage\"},\"datePublished\":\"2019-01-16T09:49:04+00:00\",\"dateModified\":\"2021-08-05T20:07:53+00:00\",\"description\":\"Das Impressum des FACHWELT VERLAG in der Bachstra\\u00dfe 32 in 70563 Stuttgart.\",\"breadcrumb\":{\"@id\":\"https:\/\/www.fachwelt-verlag.de\/en\/imprint\/#breadcrumb\"},\"inLanguage\":\"en-US\",\"potentialAction\":[{\"@type\":\"ReadAction\",\"target\":[\"https:\/\/www.fachwelt-verlag.de\/en\/imprint\/\"]}]},{\"@type\":\"BreadcrumbList\",\"@id\":\"https:\/\/www.fachwelt-verlag.de\/en\/imprint\/#breadcrumb\",\"itemListElement\":[{\"@type\":\"ListItem\",\"position\":1,\"name\":\"Startseite\",\"item\":\"https:\/\/www.fachwelt-verlag.de\/en\/\"},{\"@type\":\"ListItem\",\"position\":2,\"name\":\"Imprint\"}]}]}<\/script>\n<!-- \/ Yoast SEO plugin. -->","yoast_head_json":{"title":"Imprint &bull; FACHWELT VERLAG","description":"Das Impressum des FACHWELT VERLAG in der Bachstra\u00dfe 32 in 70563 Stuttgart.","robots":{"index":"index","follow":"follow","max-snippet":"max-snippet:-1","max-image-preview":"max-image-preview:large","max-video-preview":"max-video-preview:-1"},"canonical":"https:\/\/www.fachwelt-verlag.de\/en\/imprint\/","og_locale":"en_US","og_type":"article","og_title":"Imprint &bull; FACHWELT VERLAG","og_description":"Das Impressum des FACHWELT VERLAG in der Bachstra\u00dfe 32 in 70563 Stuttgart.","og_url":"https:\/\/www.fachwelt-verlag.de\/en\/imprint\/","og_site_name":"FACHWELT VERLAG","article_modified_time":"2021-08-05T20:07:53+00:00","og_image":[{"width":1800,"height":869,"url":"https:\/\/www.fachwelt-verlag.de\/wp-content\/uploads\/Fachwelt_Verlag_Homepage.jpg","type":"image\/jpeg"}],"twitter_card":"summary","twitter_misc":{"Est. reading time":"1 minute"},"schema":{"@context":"https:\/\/schema.org","@graph":[{"@type":"WebSite","@id":"https:\/\/www.fachwelt-verlag.de\/#website","url":"https:\/\/www.fachwelt-verlag.de\/","name":"FACHWELT VERLAG","description":"","potentialAction":[{"@type":"SearchAction","target":{"@type":"EntryPoint","urlTemplate":"https:\/\/www.fachwelt-verlag.de\/?s={search_term_string}"},"query-input":"required name=search_term_string"}],"inLanguage":"en-US"},{"@type":"ImageObject","@id":"https:\/\/www.fachwelt-verlag.de\/en\/imprint\/#primaryimage","inLanguage":"en-US","url":"https:\/\/www.fachwelt-verlag.de\/wp-content\/uploads\/Fachwelt_Verlag_Homepage.jpg","contentUrl":"https:\/\/www.fachwelt-verlag.de\/wp-content\/uploads\/Fachwelt_Verlag_Homepage.jpg","width":1800,"height":869,"caption":"Fachwelt Verlag Bild Natur Hintergrund Stuttgart Wald Stra\u00dfe"},{"@type":"WebPage","@id":"https:\/\/www.fachwelt-verlag.de\/en\/imprint\/#webpage","url":"https:\/\/www.fachwelt-verlag.de\/en\/imprint\/","name":"Imprint &bull; FACHWELT VERLAG","isPartOf":{"@id":"https:\/\/www.fachwelt-verlag.de\/#website"},"primaryImageOfPage":{"@id":"https:\/\/www.fachwelt-verlag.de\/en\/imprint\/#primaryimage"},"datePublished":"2019-01-16T09:49:04+00:00","dateModified":"2021-08-05T20:07:53+00:00","description":"Das Impressum des FACHWELT VERLAG in der Bachstra\u00dfe 32 in 70563 Stuttgart.","breadcrumb":{"@id":"https:\/\/www.fachwelt-verlag.de\/en\/imprint\/#breadcrumb"},"inLanguage":"en-US","potentialAction":[{"@type":"ReadAction","target":["https:\/\/www.fachwelt-verlag.de\/en\/imprint\/"]}]},{"@type":"BreadcrumbList","@id":"https:\/\/www.fachwelt-verlag.de\/en\/imprint\/#breadcrumb","itemListElement":[{"@type":"ListItem","position":1,"name":"Startseite","item":"https:\/\/www.fachwelt-verlag.de\/en\/"},{"@type":"ListItem","position":2,"name":"Imprint"}]}]}},"_links":{"self":[{"href":"https:\/\/www.fachwelt-verlag.de\/en\/wp-json\/wp\/v2\/pages\/3216"}],"collection":[{"href":"https:\/\/www.fachwelt-verlag.de\/en\/wp-json\/wp\/v2\/pages"}],"about":[{"href":"https:\/\/www.fachwelt-verlag.de\/en\/wp-json\/wp\/v2\/types\/page"}],"author":[{"embeddable":true,"href":"https:\/\/www.fachwelt-verlag.de\/en\/wp-json\/wp\/v2\/users\/9"}],"replies":[{"embeddable":true,"href":"https:\/\/www.fachwelt-verlag.de\/en\/wp-json\/wp\/v2\/comments?post=3216"}],"version-history":[{"count":5,"href":"https:\/\/www.fachwelt-verlag.de\/en\/wp-json\/wp\/v2\/pages\/3216\/revisions"}],"predecessor-version":[{"id":5437,"href":"https:\/\/www.fachwelt-verlag.de\/en\/wp-json\/wp\/v2\/pages\/3216\/revisions\/5437"}],"wp:featuredmedia":[{"embeddable":true,"href":"https:\/\/www.fachwelt-verlag.de\/en\/wp-json\/wp\/v2\/media\/2972"}],"wp:attachment":[{"href":"https:\/\/www.fachwelt-verlag.de\/en\/wp-json\/wp\/v2\/media?parent=3216"}],"curies":[{"name":"wp","href":"https:\/\/api.w.org\/{rel}","templated":true}]}}

<section class="l-section wpb_row height_medium"><div class="l-section-h i-cf"><div class="g-cols vc_row type_default valign_top"><div class="vc_col-sm-6 wpb_column vc_column_container"><div class="vc_column-inner"><div class="wpb_wrapper">
	<div class="wpb_text_column ">
		<div class="wpb_wrapper">
			<section class="l-section wpb_row height_huge with_overlay"></section>
<div class="l-main">
<div class="l-main-h i-cf">
<section class="l-section">
<div class="l-section-h i-cf">
<div class="singlepage-impressum">
<div class="mvp-post-soc-in">
<div id="mvp-content-body" class="left-relative">
<div id="mvp-content-main" class="left relative">
<p>Entries referred to § 5 TMG<br />
<strong>FACHWELT VERLAG</strong></p>
<p><strong style="font-family: -apple-system, BlinkMacSystemFont, 'Segoe UI', Roboto, Oxygen-Sans, Ubuntu, Cantarell, 'Helvetica Neue', sans-serif;">Main Office<br />
</strong><span style="font-family: -apple-system, BlinkMacSystemFont, 'Segoe UI', Roboto, Oxygen-Sans, Ubuntu, Cantarell, 'Helvetica Neue', sans-serif;">Djerane BB<br />
</span><span style="font-family: -apple-system, BlinkMacSystemFont, 'Segoe UI', Roboto, Oxygen-Sans, Ubuntu, Cantarell, 'Helvetica Neue', sans-serif;">85360 Ulcinj<br />
</span><span style="font-family: -apple-system, BlinkMacSystemFont, 'Segoe UI', Roboto, Oxygen-Sans, Ubuntu, Cantarell, 'Helvetica Neue', sans-serif;">Montenegro</span></p>
<div>
<div>
<div class="vk_sh vk_bk">
<div></div>
<div class="desktop-title-content"><strong>Branch</strong><br />
Bachstraße 32</div>
<p><span class="desktop-title-subcontent">70563 Stuttgart<br />
</span><span style="font-family: -apple-system, BlinkMacSystemFont, 'Segoe UI', Roboto, Oxygen-Sans, Ubuntu, Cantarell, 'Helvetica Neue', sans-serif;">Deutschland</span></p>
</div>
</div>
</div>
<p>&nbsp;</p>
<p>Represented by:<br />
Alija Palevic</p>
</div>
</div>
</div>
<p>Contact:<br />
T +49 711 93 59 27-40<br />
<a href="mailto:info@fachwelt-verlag.de">info@fachwelt-verlag.de</a></p>
<p>Business owner:<br />
Alija Palevic</p>
<p>VAT No:<br />
03365522</p>
<div class="woocommerce woocommerce-gzd woocommerce-gzd-complaints-shortcode">
    <h3>Alternative Dispute Resolution in accordance with Art. 14 (1) ODR-VO and § 36 VSBG:</h3>

<p>Die Europäische Kommission stellt eine Plattform zur Online-Streitbeilegung (OS) bereit, die du unter <a href="https://ec.europa.eu/consumers/odr" target="_blank">https://ec.europa.eu/consumers/odr</a> findest. Zur Teilnahme an einem Streitbeilegungsverfahren vor einer Verbraucherschlichtungsstelle sind wir nicht verpflichtet und nicht bereit.</p>
</div></div>
</div>
</section>
</div>
</div>

		</div>
	</div>
</div></div></div><div class="vc_col-sm-6 wpb_column vc_column_container"><div class="vc_column-inner"><div class="wpb_wrapper">
	<div class="wpb_text_column ">
		<div class="wpb_wrapper">
			<section class="l-section wpb_row height_huge with_overlay"></section>
<div class="l-main">
<div class="l-main-h i-cf">
<section class="l-section">
<div class="l-section-h i-cf">
<div class="singlepage-impressum">
<h2>Haftung für Inhalte</h2>
<p>Die Inhalte unserer Seiten wurden mit größter Sorgfalt erstellt. Für die Richtigkeit, Vollständigkeit und Aktualität der Inhalte können wir jedoch keine Gewähr übernehmen. Als Diensteanbieter sind wir gemäß § 7 Abs.1 TMG für eigene Inhalte auf diesen Seiten nach den allgemeinen Gesetzen verantwortlich. Nach §§ 8 bis 10 TMG sind wir als Diensteanbieter jedoch nicht verpflichtet, übermittelte oder gespeicherte fremde Informationen zu überwachen oder nach Umständen zu forschen, die auf eine rechtswidrige Tätigkeit hinweisen. Verpflichtungen zur Entfernung oder Sperrung der Nutzung von Informationen nach den allgemeinen Gesetzen bleiben hiervon unberührt. Eine diesbezügliche Haftung ist jedoch erst ab dem Zeitpunkt der Kenntnis einer konkreten Rechtsverletzung möglich. Bei Bekanntwerden von entsprechenden Rechtsverletzungen werden wir diese Inhalte umgehend entfernen.</p>
<h2>Fotoquellen</h2>
<p>Alle Bilder (mit wenigen Ausnahmen) auf den Start- und Unterseiten sind Originalbilder von istock. Gerne stellen wir Ihnen eine genau Auflistung auf Nachfrage zur Verfügung.</p>
</div>
</div>
</section>
</div>
</div>

		</div>
	</div>
</div></div></div></div></div></section><!-- Row Backgrounds --><div class="upb_color" data-bg-override="0" data-bg-color="#f5f5f5" data-fadeout="" data-fadeout-percentage="30" data-parallax-content="" data-parallax-content-sense="30" data-row-effect-mobile-disable="true" data-img-parallax-mobile-disable="true" data-rtl="false"  data-custom-vc-row=""  data-vc="5.7"  data-is_old_vc=""  data-theme-support=""   data-overlay="false" data-overlay-color="" data-overlay-pattern="" data-overlay-pattern-opacity="" data-overlay-pattern-size=""    ></div>

Entries referred to § 5 TMG FACHWELT VERLAG Main Office Djerane BB 85360 Ulcinj Montenegro Branch Bachstraße 32 70563 Stuttgart Deutschland &nbsp; Represented by: Alija Palevic Contact: T +49 711 93 59 27-40 info@fachwelt-verlag.de Business owner: Alija Palevic VAT No: 03365522 Alternative Dispute Resolution in accordance with Art. 14 (1) ODR-VO and § 36 VSBG:...

<!-- This site is optimized with the Yoast SEO plugin v17.8 - https://yoast.com/wordpress/plugins/seo/ -->
<title>Imprint &bull; FACHWELT VERLAG</title>
<meta name="description" content="Das Impressum des FACHWELT VERLAG in der Bachstraße 32 in 70563 Stuttgart." />
<meta name="robots" content="index, follow, max-snippet:-1, max-image-preview:large, max-video-preview:-1" />
<link rel="canonical" href="https://www.fachwelt-verlag.de/en/imprint/" />
<meta property="og:locale" content="en_US" />
<meta property="og:type" content="article" />
<meta property="og:title" content="Imprint &bull; FACHWELT VERLAG" />
<meta property="og:description" content="Das Impressum des FACHWELT VERLAG in der Bachstraße 32 in 70563 Stuttgart." />
<meta property="og:url" content="https://www.fachwelt-verlag.de/en/imprint/" />
<meta property="og:site_name" content="FACHWELT VERLAG" />
<meta property="article:modified_time" content="2021-08-05T20:07:53+00:00" />
<meta property="og:image" content="https://www.fachwelt-verlag.de/wp-content/uploads/Fachwelt_Verlag_Homepage.jpg" />
	<meta property="og:image:width" content="1800" />
	<meta property="og:image:height" content="869" />
<meta name="twitter:card" content="summary" />
<meta name="twitter:label1" content="Est. reading time" />
	<meta name="twitter:data1" content="1 minute" />
<script type="application/ld+json" class="yoast-schema-graph">{"@context":"https://schema.org","@graph":[{"@type":"WebSite","@id":"https://www.fachwelt-verlag.de/#website","url":"https://www.fachwelt-verlag.de/","name":"FACHWELT VERLAG","description":"","potentialAction":[{"@type":"SearchAction","target":{"@type":"EntryPoint","urlTemplate":"https://www.fachwelt-verlag.de/?s={search_term_string}"},"query-input":"required name=search_term_string"}],"inLanguage":"en-US"},{"@type":"ImageObject","@id":"https://www.fachwelt-verlag.de/en/imprint/#primaryimage","inLanguage":"en-US","url":"https://www.fachwelt-verlag.de/wp-content/uploads/Fachwelt_Verlag_Homepage.jpg","contentUrl":"https://www.fachwelt-verlag.de/wp-content/uploads/Fachwelt_Verlag_Homepage.jpg","width":1800,"height":869,"caption":"Fachwelt Verlag Bild Natur Hintergrund Stuttgart Wald Stra\u00dfe"},{"@type":"WebPage","@id":"https://www.fachwelt-verlag.de/en/imprint/#webpage","url":"https://www.fachwelt-verlag.de/en/imprint/","name":"Imprint &bull; FACHWELT VERLAG","isPartOf":{"@id":"https://www.fachwelt-verlag.de/#website"},"primaryImageOfPage":{"@id":"https://www.fachwelt-verlag.de/en/imprint/#primaryimage"},"datePublished":"2019-01-16T09:49:04+00:00","dateModified":"2021-08-05T20:07:53+00:00","description":"Das Impressum des FACHWELT VERLAG in der Bachstra\u00dfe 32 in 70563 Stuttgart.","breadcrumb":{"@id":"https://www.fachwelt-verlag.de/en/imprint/#breadcrumb"},"inLanguage":"en-US","potentialAction":[{"@type":"ReadAction","target":["https://www.fachwelt-verlag.de/en/imprint/"]}]},{"@type":"BreadcrumbList","@id":"https://www.fachwelt-verlag.de/en/imprint/#breadcrumb","itemListElement":[{"@type":"ListItem","position":1,"name":"Startseite","item":"https://www.fachwelt-verlag.de/en/"},{"@type":"ListItem","position":2,"name":"Imprint"}]}]}</script>
<!-- / Yoast SEO plugin. -->

Das Impressum des FACHWELT VERLAG in der Bachstraße 32 in 70563 Stuttgart.

Fachwelt Verlag Bild Natur Hintergrund Stuttgart Wald Straße
